 the prime factors of 812013601.
7, 29, 4000067
What are the prime factors of 98444399?
17, 5790847
List the prime factors of 3792650290.
2, 5, 11, 13, 2652203
List the prime factors of 1306817810.
2, 5, 130681781
List the prime factors of 91146726.
2, 3, 11, 460337
List the prime factors of 99102542.
2, 7, 11, 643523
What are the prime factors of 243918739?
29, 8410991
What are the prime factors of 4288073?
4288073
List the prime factors of 35320787.
2371, 14897
What are the prime factors of 43735139?
7, 103, 60659
List the prime factors of 120830460.
2, 3, 5, 53, 37997
List the prime factors of 675885058.
2, 16729, 20201
What are the prime factors of 136831117?
23, 31, 43, 4463
What are the prime factors of 18101875?
5, 11, 2633
What are the prime factors of 196640528?
2, 7, 35831
List the prime factors of 54558675.
3, 5, 242483
What are the prime factors of 43150185?
3, 5, 13, 23, 1069
What are the prime factors of 143736824?
2, 7, 11, 19, 12281
List the prime factors of 327089301.
3, 7, 11, 1415971
What are the prime factors of 5549053433?
7, 11, 72065629
What are the prime factors of 6319796540?
2, 5, 191, 1654397
List the prime factors of 369235752.
2, 3, 73, 2887
What are the prime factors of 124910945?
5, 211, 118399
What are the prime factors of 4007894988?
2, 3, 2477, 134837
List the prime factors of 155979859.
7, 23, 968819
What are the prime factors of 7223641649?
7, 17, 67, 906013
List the prime factors of 13150755.
3, 5, 19, 1709
What are the prime factors of 252308963?
252308963
What are the prime factors of 108272632?
2, 13, 1041083
List the prime factors of 88747687.
7, 12678241
What are the prime factors of 65513380?
2, 5, 3275669
What are the prime factors of 24276717?
3, 2697413
What are the prime factors of 3953474642?
2, 13, 37, 4109641
What are the prime factors of 17370507?
3, 7, 11, 29, 2593
List the prime factors of 2044372153.
2044372153
What are the prime factors of 1653212742?
2, 3, 41, 6720377
What are the prime factors of 37825618?
2, 19, 37, 26903
What are the prime factors of 33534660?
2, 3, 5, 457, 1223
What are the prime factors of 164772449?
17, 9692497
What are the prime factors of 81226380?
2, 3, 5, 61, 22193
What are the prime factors of 16945874?
2, 11, 41, 18787
List the prime factors of 545506650.
2, 3, 5, 13, 797
List the prime factors of 36436434.
2, 3, 6072739
What are the prime factors of 646993279?
3257, 198647
What are the prime factors of 1627336034?
2, 813668017
List the prime factors of 63459976.
2, 31, 255887
What are the prime factors of 65202032?
2, 7, 582161
What are the prime factors of 135529054?
2, 67764527
What are the prime factors of 446894140?
2, 5, 7, 11, 23, 31, 37
What are the prime factors of 32725292?
2, 619, 13217
List the prime factors of 507380157.
3, 56375573
What are the prime factors of 475146673?
23, 293, 70507
What are the prime factors of 822823966?
2, 411411983
What are the prime factors of 275376136?
2, 7, 4917431
What are the prime factors of 1863112526?
2, 11, 19, 277, 16091
What are the prime factors of 83527191?
3, 11, 23, 36683
List the prime factors of 215073251.
29, 61, 121579
List the prime factors of 59598877.
13, 19, 241291
List the prime factors of 210181675.
5, 11, 719, 1063
What are the prime factors of 112907136?
2, 3, 294029
What are the prime factors of 57311434?
2, 1399, 20483
List the prime factors of 2497370249.
11, 227033659
List the prime factors of 487367162.
2, 10433, 23357
List the prime factors of 7365018.
2, 3, 61, 20123
List the prime factors of 212709864.
2, 3, 19, 24551
What are the prime factors of 124055780?
2, 5, 647, 9587
What are the prime factors of 4489679809?
401, 11196209
List the prime factors of 402293187.
3, 44699243
What are the prime factors of 227711264?
2, 11, 389, 1663
What are the prime factors of 51972889?
51972889
List the prime factors of 969740988.
2, 3, 43, 829, 2267
What are the prime factors of 1250738897?
19, 137, 480499
List the prime factors of 111341300.
2, 5, 7, 159059
List the prime factors of 668432713.
13, 37, 1389673
What are the prime factors of 29911444?
2, 7477861
What are the prime factors of 236875540?
2, 5, 11, 1076707
List the prime factors of 146607746.
2, 3911, 18743
What are the prime factors of 2777477745?
3, 5, 7, 3163, 8363
What are the prime factors of 304590082?
2, 2011, 75731
What are the prime factors of 1643092468?
2, 73, 5627029
List the prime factors of 2083754595.
3, 5, 13, 10685921
List the prime factors of 5571412962.
2, 3, 928568827
List the prime factors of 613311133.
613311133
What are the prime factors of 635657458?
2, 317828729
What are the prime factors of 35813336?
2, 13, 37, 41, 227
List the prime factors of 5718213.
3, 347, 1831
What are the prime factors of 1282936809?
3, 7, 11, 5553839
List the prime factors of 938929318.
2, 359, 1307701
List the prime factors of 515710667.
13001, 39667
List the prime factors of 129134052.
2, 3, 23, 263, 593
List the prime factors of 707046405.
3, 5, 13, 17, 213287
List the prime factors of 22720791.
3, 7573597
List the prime factors of 4790338026.
2, 3, 19, 42020509
What are the prime factors of 276455590?
2, 5, 27645559
What are the prime factors of 5658546?
2, 3, 943091
List the prime factors of 4300881443.
37, 116240039
What are the prime factors of 1762442756?
2, 37, 233, 51109
List the prime factors of 54020955.
3, 5, 1213, 2969
List the prime factors of 2012592955.
5, 19, 59, 131, 2741
What are the prime factors of 1415579936?
2, 17, 2602169
List the prime factors of 207951763.
23, 499, 18119
What are the prime factors of 52184110?
2, 5, 11, 181, 2621
List the prime factors of 1816003539.
3, 7, 59, 488567
What are the prime factors of 546978672?
2, 3, 17, 223439
What are the prime factors of 2910712966?
2, 7, 37, 61, 251, 367
List the prime factors of 1836636956.
2, 7, 11, 17, 350771
List the prime factors of 81349926.
2, 3, 7, 67, 28909
What are the prime factors of 960144546?
2, 3, 181, 884111
List the prime factors of 19662630.
2, 3, 5, 13, 50417
List the prime factors of 680118897.
3, 307, 738457
What are the prime factors of 5569649059?
13, 41, 10449623
What are the prime factors of 74464727?
74464727
List the prime factors of 103475405.
5, 11, 89, 21139
What are the prime factors of 31551539?
31551539
List the prime factors of 743201.
113, 6577
List the prime factors of 71534347.
23, 1657, 1877
What are the prime factors of 382052566?
2, 7, 47, 580627
List the prime factors of 490367157.
3, 7, 599, 5569
List the prime factors of 3726703483.
1033, 1321, 2731
List the prime factors of 199152.
2, 3, 461
What are the prime factors of 37475770?
2, 5, 53, 70709
What are the prime factors of 504357575?
5, 67, 353, 853
What are the prime factors of 1596336009?
3, 8819, 60337
What are the prime factors of 2790566803?
19, 146871937
What are the prime factors of 1604046004?
2, 11, 36455591
List the prime factors of 23446738.
2, 7, 1674767
List the prime factors of 1108389138.
2, 3, 83, 2225681
What are the prime factors of 43317663?
3, 19, 759959
What are the prime factors of 491803614?
2, 3, 27322423
What are the prime factors of 2525931247?
7, 17, 3461, 6133
What are the prime factors of 373651808?
2, 11676619
List the prime factors of 68630718.
2, 3, 13, 879881
What are the prime factors of 121969861?
13, 443, 21179
List the prime factors of 124292375.
5, 994339
What are the prime factors of 2000398621?
13, 89, 1728953
What are the prime factors of 39716991?
3, 4412999
What are the prime factors of 32323590?
2, 3, 5, 13, 9209
List the prime factors of 48968511.
3, 607, 26891
List the prime factors of 465482949.
3, 31, 181, 27653
What are the prime factors of 9998820?
2, 3, 5, 13, 4273
List the prime factors of 44098519.
101, 137, 3187
List the prime factors of 66725581.
13, 173, 29669
List the prime factors of 64680561.
3, 11, 653339
List the prime factors of 900034704.
2, 3, 349, 17909
What are the prime factors of 59683386?
2, 3, 7, 109, 13037
What are the prime factors of 1734463054?
2, 53, 173, 94583
What are the prime factors of 15151225?
5, 606049
What are the prime factors of 29737537?
607, 48991
What are the prime factors of 112932046?
2, 227, 248749
List the prime factors of 658571470.
2, 5, 65857147
List the prime fact